tors of 32573.
32573
What are the prime factors of 13268?
2, 31, 107
What are the prime factors of 2859?
3, 953
What are the prime factors of 9748?
2, 2437
List the prime factors of 1786.
2, 19, 47
List the prime factors of 269.
269
List the prime factors of 6231.
3, 31, 67
What are the prime factors of 6971?
6971
What are the prime factors of 689?
13, 53
What are the prime factors of 1838?
2, 919
What are the prime factors of 49247?
11, 37
List the prime factors of 50517.
3, 1871
List the prime factors of 12755.
5, 2551
What are the prime factors of 5771?
29, 199
List the prime factors of 8398.
2, 13, 17, 19
List the prime factors of 31120.
2, 5, 389
List the prime factors of 8133.
3, 2711
List the prime factors of 657.
3, 73
List the prime factors of 2157.
3, 719
List the prime factors of 696.
2, 3, 29
What are the prime factors of 834?
2, 3, 139
List the prime factors of 5357.
11, 487
List the prime factors of 5837.
13, 449
List the prime factors of 138742.
2, 69371
What are the prime factors of 104129?
31, 3359
What are the prime factors of 8258?
2, 4129
What are the prime factors of 3567?
3, 29, 41
List the prime factors of 11356.
2, 17, 167
What are the prime factors of 8003?
53, 151
What are the prime factors of 13634?
2, 17, 401
List the prime factors of 1658.
2, 829
List the prime factors of 876.
2, 3, 73
What are the prime factors of 5388?
2, 3, 449
List the prime factors of 1758.
2, 3, 293
What are the prime factors of 20450?
2, 5, 409
List the prime factors of 19670.
2, 5, 7, 281
What are the prime factors of 19820?
2, 5, 991
What are the prime factors of 48009?
3, 13, 1231
What are the prime factors of 16628?
2, 4157
List the prime factors of 1359.
3, 151
What are the prime factors of 13041?
3, 7, 23
What are the prime factors of 15628?
2, 3907
What are the prime factors of 817?
19, 43
What are the prime factors of 758?
2, 379
List the prime factors of 145601.
145601
List the prime factors of 44394.
2, 3, 7, 151
List the prime factors of 160.
2, 5
What are the prime factors of 23773?
23773
What are the prime factors of 1089?
3, 11
List the prime factors of 635.
5, 127
What are the prime factors of 1653?
3, 19, 29
List the prime factors of 367.
367
What are the prime factors of 1011?
3, 337
List the prime factors of 17354.
2, 8677
List the prime factors of 8513.
8513
List the prime factors of 22941.
3, 2549
List the prime factors of 53236.
2, 13309
What are the prime factors of 3612?
2, 3, 7, 43
What are the prime factors of 152369?
7, 21767
List the prime factors of 57236.
2, 41, 349
List the prime factors of 3016.
2, 13, 29
What are the prime factors of 24049?
24049
List the prime factors of 7211.
7211
What are the prime factors of 327?
3, 109
List the prime factors of 2730.
2, 3, 5, 7, 13
List the prime factors of 81.
3
What are the prime factors of 6206?
2, 29, 107
What are the prime factors of 928?
2, 29
What are the prime factors of 73964?
2, 11, 41
What are the prime factors of 1998?
2, 3, 37
List the prime factors of 13046.
2, 11, 593
List the prime factors of 2638.
2, 1319
What are the prime factors of 1800?
2, 3, 5
What are the prime factors of 18829?
19, 991
List the prime factors of 23718.
2, 3, 59, 67
What are the prime factors of 5051?
5051
List the prime factors of 492.
2, 3, 41
What are the prime factors of 368?
2, 23
List the prime factors of 56676.
2, 3, 4723
List the prime factors of 83353.
19, 41, 107
What are the prime factors of 10779?
3, 3593
What are the prime factors of 5939?
5939
What are the prime factors of 23471?
7, 479
What are the prime factors of 28637?
7, 4091
List the prime factors of 957.
3, 11, 29
What are the prime factors of 101224?
2, 12653
What are the prime factors of 1617?
3, 7, 11
List the prime factors of 1379.
7, 197
List the prime factors of 15891.
3, 5297
What are the prime factors of 5741?
5741
List the prime factors of 2471.
7, 353
What are the prime factors of 16067?
16067
List the prime factors of 14883.
3, 11, 41
List the prime factors of 358.
2, 179
What are the prime factors of 25180?
2, 5, 1259
List the prime factors of 35706.
2, 3, 11, 541
List the prime factors of 18061.
18061
What are the prime factors of 2823?
3, 941
List the prime factors of 8970.
2, 3, 5, 13, 23
List the prime factors of 653.
653
What are the prime factors of 139841?
13, 31, 347
What are the prime factors of 6887?
71, 97
List the prime factors of 6121.
6121
List the prime factors of 11542.
2, 29, 199
What are the prime factors of 94783?
13, 23, 317
What are the prime factors of 122862?
2, 3, 20477
List the prime factors of 9519.
3, 19, 167
What are the prime factors of 1529?
11, 139
List the prime factors of 3669.
3, 1223
List the prime factors of 7308.
2, 3, 7, 29
List the prime factors of 27753.
3, 11, 29
List the prime factors of 126393.
3, 42131
List the prime factors of 65418.
2, 3, 10903
What are the prime factors of 2723?
7, 389
What are the prime factors of 162364?
2, 40591
List the prime factors of 7.
7
What are the prime factors of 21174?
2, 3, 3529
List the prime factors of 11503.
11503
List the prime factors of 46977.
3, 7, 2237
List the prime factors of 943.
23, 41
List the prime factors of 43877.
17, 29, 89
What are the prime factors of 25735?
5, 5147
List the prime factors of 16782.
2, 3, 2797
List the prime factors of 615.
3, 5, 41
List the prime factors of 6201.
3, 13, 53
What are the prime factors of 3938?
2, 11, 179
What are the prime factors of 5649?
3, 7, 269
List the prime factors of 62745.
3, 5, 47, 89
List the prime factors of 1308.
2, 3, 109
What are the prime factors of 34063?
23, 1481
List the prime factors of 6673.
6673
List the prime factors of 34270.
2, 5, 23, 149
List the prime factors of 166.
2, 83
What are the prime factors of 126111?
3, 127, 331
What are the prime factors of 243?
3
What are the prime factors of 2718?
2, 3, 151
List the prime factors of 3520.
2, 5, 11
List the prime factors of 113610.
2, 3, 5, 7, 541
List the prime factors of 4515.
3, 5, 7, 43
List the prime factors of 5802.
2, 3, 967
What are the prime factors of 31774?
2, 15887
What are the prime factors of 2510?
2, 5, 251
List the prime factors of 655.
5, 131
List the prime factors of 1455.
3, 5, 97
What are the prime factors of 7210?
2, 5, 7, 103
List the prime factors of 2690.
2, 5, 269
List the prime factors of 16603.
16603
List the prime factors of 345.
3, 5, 23
List the prime factors of 2042.
2, 1021
What are the prime factors of 16174?
2, 8087
List the prime factors of 9450.
2, 3, 5, 7
What are the prime factors of 1419?
3, 11, 43
What are the prime factors of 34877?
34877
What are the prime factors of 38923?
38923
What are the prime factors of 12204?
2, 3, 113
What are the prime factors of 62846?
2, 7, 67
What are the prime factors of 828?
2, 3, 23
What are the prime factors of 32831?
32831
List the prime factors of 160.
2, 5
List the prime factors of 1293.
3, 431
What are the prime factors of 5025?
3, 5, 67
List the prime factors of 13413.
3, 17, 263
List the prime factors of 795.
3, 5, 53
List the prime factors of 42628.
2, 10657
What are the prime factors of 2392?
2, 13, 23
List the prime factors of 2026.
2, 1013
What are the prime factors of 57505?
5, 7, 31, 53
What are the prime factors of 65781?
3, 7309
What are the prime factors of 1713?
3, 571
What are the prime factors of 9770?
2, 5, 977
What are the prime factors of 1835?
5, 367
What are the prime factors of 1701?
3, 7
What are the prime factors of 20161?
20161
List the prime factors of 14520.
2, 3, 5, 11
List the prime factors of 4735.
5, 947
List the prime factors of 48427.
79, 613
List the prime factors of 38438.
2, 19219
List the prime factors of 67980.
2, 3, 5, 11, 103
What are the prime factors of 129279?
3, 43093
List the prime factors of 878.
2, 439
List the prime factors of 32940.
2, 3, 5, 61
List the prime factors of 1160.
2, 5, 29
List the prime factors of 10010.
2, 5, 7, 11, 13
What are the prime factors of 2839?
17, 167
List the prime factors of 2354.
2, 11, 107
List the prime factors of 6932.
2, 1733
List the prime factors of 4218.
2, 3, 19, 37
What are the prime factors of 125?
5
List the prime factors of 33542.
2, 31, 541
What are the prime factors of 1997?
1997
List the prime factors of 169020.
2, 3, 5, 313
What ar